) in base 9?
563
What is -17432 (base 8) in base 3?
-101220220
Convert -1002101 (base 3) to base 7.
-2212
-4083 (base 9) to base 16
-baf
b8 (base 14) to base 16
a2
-302304 (base 5) to base 15
-2d1e
Convert -38 (base 16) to base 7.
-110
What is 24322 (base 5) in base 7?
5233
What is -528 (base 9) in base 2?
-110101111
2000110112 (base 3) to base 6
503452
Convert 10a0 (base 15) to base 12.
2059
What is 4457 (base 10) in base 6?
32345
6025 (base 9) to base 4
1010231
Convert 443141 (base 5) to base 16.
3c3d
-594 (base 12) to base 3
-1010211
1152 (base 8) to base 16
26a
1215 (base 6) to base 10
299
Convert 66 (base 11) to base 6.
200
Convert 1010011110111 (base 2) to base 5.
132432
Convert -50335 (base 6) to base 11.
-4a70
Convert -23355 (base 6) to base 4.
-310313
323232 (base 4) to base 8
7356
666 (base 14) to base 6
5510
What is 32021 (base 5) in base 13?
c84
Convert -ca74 (base 13) to base 3.
-1102121120
-2321 (base 15) to base 12
-4394
Convert 231200 (base 4) to base 7.
11330
Convert -4775 (base 8) to base 13.
-1219
-122221000 (base 3) to base 10
-13068
16c6 (base 13) to base 8
6455
10000001010010 (base 2) to base 16
2052
1314133 (base 5) to base 8
63070
What is -47107 (base 8) in base 5?
-1120124
-bb (base 13) to base 6
-414
-87 (base 9) to base 8
-117
Convert 124151 (base 7) to base 16.
5a1a
What is -1100112 (base 3) in base 11?
-817
100010111000010 (base 2) to base 11
12465
What is 488 (base 14) in base 11?
752
What is -1a77 (base 12) in base 8?
-6273
What is 466 (base 14) in base 4?
31222
Convert -6126 (base 7) to base 10.
-2127
-2036 (base 10) to base 8
-3764
What is -80a (base 13) in base 16?
-552
-5544 (base 13) to base 8
-27156
Convert 11111000 (base 2) to base 15.
118
Convert a3bb (base 13) to base 5.
1211011
What is -b82a (base 12) in base 4?
-10323202
What is c0a (base 14) in base 9?
3214
-200420 (base 5) to base 6
-45240
1300 (base 6) to base 16
144
What is -1301 (base 5) in base 8?
-311
What is 38 (base 12) in base 11?
40
839a (base 16) to base 5
2034230
7ba (base 12) to base 11
956
Convert -37ba (base 12) to base 10.
-6334
Convert -12221012 (base 3) to base 5.
-114300
Convert 132132 (base 4) to base 6.
13010
What is -22309 (base 11) in base 8?
-77074
Convert -111100001011111 (base 2) to base 9.
-46238
-cd (base 14) to base 11
-155
Convert 572 (base 10) to base 12.
3b8
15070 (base 10) to base 7
61636
Convert 11400 (base 10) to base 5.
331100
1542 (base 8) to base 14
45c
Convert 32b (base 12) to base 7.
1235
Convert -1ed (base 16) to base 4.
-13231
-212102112 (base 3) to base 10
-17078
Convert -1261 (base 9) to base 4.
-32302
Convert 350b (base 14) to base 4.
2100013
What is -1022211200 (base 3) in base 15?
-7b1c
What is 12343 (base 7) in base 2?
110011000001
What is 316 (base 10) in base 5?
2231
What is 941 (base 14) in base 9?
2443
-471 (base 14) to base 12
-617
Convert 172 (base 11) to base 10.
200
2356 (base 7) to base 11
725
Convert 110010001110100 (base 2) to base 16.
6474
-233 (base 14) to base 16
-1b5
What is 2230 (base 6) in base 10?
522
105 (base 8) to base 14
4d
What is -314 (base 7) in base 5?
-1113
What is 126543 (base 7) in base 4?
11312013
-3352 (base 14) to base 10
-8892
13307 (base 11) to base 15
596e
-2110010 (base 3) to base 10
-1785
10000101010000 (base 2) to base 6
103252
Convert -368 (base 12) to base 9.
-628
Convert 56ab (base 13) to base 11.
9137
What is -122 (base 3) in base 14?
-13
34b (base 12) to base 2
111101011
535352 (base 6) to base 12
21558
Convert 1336 (base 8) to base 10.
734
25a (base 15) to base 10
535
-65b (base 14) to base 8
-2351
-10000110000011011 (base 2) to base 16
-10c1b
Convert 10061 (base 7) to base 12.
14b8
What is 251 (base 12) in base 15?
184
-16111 (base 7) to base 12
-2744
Convert -125533 (base 7) to base 13.
-a97b
-31062 (base 8) to base 9
-18557
What is -831 (base 10) in base 16?
-33f
Convert 1a8 (base 14) to base 6.
1332
What is -14b9 (base 16) in base 11?
-3a93
Convert 1332 (base 6) to base 9.
422
What is -680 (base 9) in base 3?
-202200
234013 (base 5) to base 12
4bb5
Convert 794 (base 11) to base 8.
1666
Convert aec (base 15) to base 5.
34342
303313 (base 4) to base 14
12d1
What is -769 (base 12) in base 11?
-900
What is 2756 (base 8) in base 12?
a66
Convert 31324 (base 5) to base 9.
2771
-5320 (base 16) to base 8
-51440
Convert -7575 (base 11) to base 15.
-2e6e
What is 112200 (base 5) in base 15?
1300
Convert 26085 (base 9) to base 10.
17573
What is 154252 (base 6) in base 8?
35570
Convert 61 (base 16) to base 9.
117
Convert -1d77 (base 14) to base 15.
-18ec
Convert 6c5 (base 13) to base 10.
1175
Convert -cca (base 13) to base 2.
-100010010010
Convert -1dab (base 15) to base 12.
-38a5
Convert -2077 (base 11) to base 12.
-170a
What is -a7b (base 12) in base 6?
-11035
What is -13c9 (base 15) in base 8?
-10217
-1763 (base 11) to base 12
-1373
What is -4a2 (base 16) in base 9?
-1557
Convert -11320 (base 7) to base 4.
-231121
Convert 4be (base 16) to base 8.
2276
What is 147a (base 15) in base 16?
1126
Convert -17969 (base 12) to base 7.
-201510
Convert 2002 (base 4) to base 8.
202
3672 (base 9) to base 8
5262
Convert -101034 (base 5) to base 10.
-3269
What is 6d09 (base 14) in base 16?
4a4d
Convert 40447 (base 8) to base 15.
4e1e
-3b2b (base 14) to base 4
-2202323
Convert -100443 (base 5) to base 2.
-110010110000
What is -17001 (base 12) in base 15?
-9add
56690 (base 11) to base 9
134448
9463 (base 13) to base 15
613a
11527 (base 8) to base 12
2a47
Convert -244 (base 8) to base 12.
-118
-2da6 (base 14) to base 9
-12201
Convert -1a3 (base 16) to base 9.
-515
What is -36522 (base 7) in base 10?
-9522
Convert -2021112 (base 4) to base 12.
-5106
-b3 (base 15) to base 4
-2220
22303030 (base 4) to base 15
d191
Convert -246 (base 15) to base 8.
-1004
Convert 429 (base 14) to base 5.
11241
Convert 664 (base 11) to base 9.
1074
What is 1540 (base 7) in base 16?
268
What is -7ba (base 15) in base 12?
-101a
31310 (base 6) to base 13
1bc6
Convert 1b86 (base 16) to base 2.
1101110000110
-10121111 (base 3) to base 5
-41012
-108 (base 14) to base 7
-411
What is 277 (base 14) in base 12?
355
Convert -42727 (base 10) to base 5.
-2331402
What is -1002101 (base 3) in base 7?
-2212
What is -4100 (base 5) in base 16?
-20d
-10100000011 (base 2) to base 12
-8ab
-2030 (base 5) to base 3
-100211
What is 1702d (base 14) in base 11?
3a363
What is -1122313 (base 5) in base 12?
-b925
Convert -1001011010 (base 2) to base 6.
-2442
Convert -110131 (base 4) to base 16.
-51d
Convert 85c (base 13) to base 7.
4111
What is -4101 (base 7) in base 9?
-1850
Convert 11001001001001 (base 2) to base 9.
18583
What is 6089 (base 12) in base 14?
3b61
Convert 12302 (base 4) to base 14.
230
Convert 41361 (base 7) to base 8.
23631
What is 5443 (base 7) in base 5?
30232
9062 (base 11) to base 7
50060
What is 14917 (base 14) in base 12?
25749
-2111222 (base 3) to base 10
-1835
What is 120221 (base 3) in base 14?
22a
203310 (base 4) to base 14
b9a
-2459a (base 11) to base 2
-1000100111111000
3547 (base 13) to base 4
1311013
Convert -131011 (base 6) to base 12.
-6a67
595 (base 16) to base 11
108a
-126225 (base 7) to base 5
-1230114
Convert 157a3 (base 11) to base 9.
33468
What is -22572 (base 10) in base 12?
-11090
What is -100011111010 (base 2) in base 4?
-203322
What is -112010 (base 5) in base 7?
-14451
Convert 12010 (base 3) to base 10.
138
Convert -323 (base 5) to base 14.
-64
2426 (base 10) to base 6
15122
84 (base 14) to base 12
98
13440 (base 5) to base 16
460
Convert -241 (base 13) to base 6.
-1451
2b06 (base 12) to base 5
130141
Convert 561 (base 8) to base 12.
269
Convert 16356 (base 13) to base 12.
205a9
Convert -30d3 (base 15) to base 9.
-15140
30066 (base 9) to base 15
5cb3
-444 (base 6) to base 3
-20101
Convert -10028 (base 10) to base 6.
-114232
Convert -36413 (base 8) to base 6.
-200203
Convert -c64 (base 14) to base 13.
-1159
42079 (base 10) to base 8
122137
What is 201232 (base 4) in base 14?
b02
Convert -10222 (base 3) to base 12.
-8b
What is 155404 (base 6) in base 10?
15484
Convert 1506 (base 8) to base 14.
43c
-36675 (base 9) to base 14
-8d7d
Convert -3146 (base 7) to base 8.
-2130
What is -151 (base 12) in base 9?
-247
Convert 11000 (base 2) to base 9.
26
What is 41b (base 14) in base 7?
2234
-10000000